 9262 and 550.
22
Calculate the highest common factor of 24873 and 30.
3
What is the highest common divisor of 225 and 603195?
15
What is the highest common divisor of 255390 and 20?
10
What is the greatest common divisor of 3 and 1499?
1
Calculate the greatest common divisor of 339 and 703199.
113
What is the highest common factor of 10028 and 7498?
46
Calculate the greatest common factor of 437260 and 60.
20
What is the greatest common factor of 3 and 212100?
3
Calculate the greatest common factor of 1500 and 780.
60
What is the greatest common divisor of 2972634 and 588?
294
Calculate the greatest common divisor of 70967 and 106.
53
What is the highest common factor of 201214 and 86762?
1846
Calculate the highest common factor of 102 and 232288.
34
Calculate the highest common divisor of 1338442 and 28.
14
What is the greatest common divisor of 90046 and 550?
22
What is the highest common divisor of 5056 and 3392?
64
Calculate the greatest common divisor of 748 and 29436.
44
Calculate the highest common divisor of 21 and 141099.
21
Calculate the highest common divisor of 2332 and 21824.
44
Calculate the greatest common divisor of 2 and 30731.
1
What is the greatest common factor of 575 and 146675?
25
Calculate the greatest common factor of 118632 and 72.
24
Calculate the highest common factor of 366 and 10083.
3
What is the highest common divisor of 72666 and 66?
66
What is the highest common factor of 8667 and 1284?
321
Calculate the greatest common factor of 65 and 27235.
65
What is the greatest common divisor of 43 and 851099?
43
What is the highest common factor of 18 and 675234?
18
What is the highest common factor of 12 and 63948?
12
What is the greatest common factor of 6140 and 260?
20
What is the highest common factor of 64 and 483872?
32
Calculate the greatest common divisor of 106 and 393101.
53
What is the highest common factor of 36525 and 225?
75
Calculate the greatest common factor of 50429 and 1266.
211
What is the highest common divisor of 285820 and 5?
5
What is the greatest common divisor of 15 and 1022745?
15
What is the greatest common divisor of 37628 and 644?
92
Calculate the highest common factor of 82986 and 114.
6
What is the greatest common divisor of 410 and 604053?
41
Calculate the greatest common divisor of 29550 and 11450.
50
Calculate the highest common divisor of 910 and 234080.
70
What is the greatest common divisor of 108 and 191403?
27
Calculate the highest common factor of 18032 and 4416.
368
Calculate the highest common factor of 315 and 40.
5
Calculate the highest common factor of 186 and 25017.
93
Calculate the greatest common divisor of 1582 and 24584.
14
What is the greatest common factor of 37477 and 253?
11
Calculate the greatest common factor of 311886 and 18.
18
Calculate the highest common factor of 85455 and 81.
81
Calculate the highest common divisor of 8808 and 384.
24
What is the greatest common factor of 1987361 and 284?
71
Calculate the highest common divisor of 136346 and 322.
14
What is the greatest common factor of 145564 and 241?
241
Calculate the highest common factor of 1671 and 3966397.
557
What is the greatest common divisor of 2134 and 5302?
22
What is the highest common factor of 269 and 145529?
269
What is the greatest common factor of 1300 and 800?
100
Calculate the greatest common divisor of 55 and 58399.
11
What is the greatest common factor of 1698 and 41884?
566
What is the greatest common divisor of 3277 and 2938?
113
Calculate the greatest common divisor of 24786 and 510.
102
Calculate the greatest common factor of 32542 and 424.
106
What is the greatest common divisor of 1961170 and 40?
10
Calculate the highest common divisor of 1155350 and 875.
175
Calculate the greatest common factor of 4587 and 15151.
139
What is the highest common factor of 1024 and 284?
4
What is the highest common factor of 5392 and 999542?
674
Calculate the highest common divisor of 5110 and 17666.
146
What is the greatest common factor of 635435 and 1670?
835
What is the highest common divisor of 744 and 1284?
12
What is the greatest common divisor of 99 and 92466?
99
What is the highest common divisor of 7 and 4097219?
7
Calculate the greatest common divisor of 270 and 10674.
18
Calculate the greatest common divisor of 117 and 8931.
39
What is the highest common divisor of 1925 and 73227?
77
Calculate the greatest common factor of 48198 and 1218.
174
What is the greatest common factor of 49 and 2912?
7
Calculate the highest common factor of 2517620 and 20.
20
Calculate the highest common divisor of 45276 and 528.
132
What is the highest common factor of 819 and 349167?
273
Calculate the greatest common factor of 212 and 196.
4
Calculate the highest common factor of 7280 and 1430.
130
What is the greatest common divisor of 3891 and 1931233?
1297
What is the highest common factor of 2112 and 1573?
11
What is the greatest common factor of 6185508 and 252?
84
Calculate the greatest common factor of 2431 and 422246.
187
What is the highest common divisor of 3416 and 48?
8
Calculate the greatest common factor of 4240 and 4283460.
1060
What is the greatest common divisor of 31527 and 1674?
279
What is the greatest common factor of 5419908 and 39?
39
Calculate the highest common factor of 208365 and 45.
15
Calculate the highest common divisor of 2519701 and 181.
181
What is the highest common divisor of 7 and 239225?
7
Calculate the highest common divisor of 730 and 140.
10
What is the greatest common factor of 4048 and 15191?
11
Calculate the greatest common factor of 5 and 505045.
5
Calculate the highest common divisor of 19544 and 3864.
56
What is the highest common divisor of 113 and 13831087?
113
What is the highest common factor of 27090 and 45795?
645
What is the greatest common factor of 174 and 28072?
58
Calculate the highest common factor of 985176 and 576.
72
Calculate the highest common factor of 15253 and 35.
7
Calculate the greatest common factor of 44750 and 2.
2
Calculate the greatest common factor of 216 and 195669.
27
Calculate the highest common factor of 504 and 36960.
168
Calculate the greatest common factor of 216 and 2808.
216
Calculate the greatest common factor of 11320 and 90.
10
What is the greatest common factor of 4 and 44108?
4
Calculate the greatest common factor of 529 and 19.
1
Calculate the greatest common factor of 7 and 560763.
7
Calculate the highest common factor of 71 and 192481.
71
Calculate the highest common divisor of 212091 and 33.
33
Calculate the greatest common divisor of 241524 and 36.
36
What is the highest common divisor of 554496 and 264?
24
What is the greatest common divisor of 2852 and 284456?
124
Calculate the highest common factor of 660 and 604395.
165
What is the highest common factor of 280720 and 240?
80
What is the greatest common factor of 34398 and 1134?
378
Calculate the highest common factor of 8421 and 42.
21
What is the highest common divisor of 248 and 2192?
8
Calculate the greatest common factor of 5022651 and 53.
53
What is the highest common factor of 11662 and 2814?
14
What is the highest common divisor of 390509 and 21?
7
Calculate the highest common factor of 4 and 2193.
1
Calculate the greatest common divisor of 3105 and 7521.
69
What is the highest common divisor of 15 and 2065?
5
Calculate the highest common divisor of 4168 and 88.
8
What is the greatest common divisor of 171800 and 3?
1
Calculate the greatest common divisor of 14 and 6009.
1
What is the highest common factor of 1 and 80188?
1
Calculate the greatest common divisor of 110528 and 352.
352
Calculate the highest common divisor of 20094 and 204.
102
What is the greatest common factor of 29 and 3683?
29
What is the highest common factor of 9650 and 18914?
386
Calculate the highest common divisor of 1322662 and 590.
118
What is the highest common factor of 1455 and 878335?
485
Calculate the highest common divisor of 147 and 12397.
49
Calculate the greatest common factor of 764972 and 188.
188
What is the greatest common factor of 15228 and 329?
47
What is the highest common divisor of 22477 and 29127?
133
What is the highest common divisor of 112 and 4622?
2
What is the highest common divisor of 34805 and 20?
5
Calculate the highest common divisor of 3600 and 39